5/(-16)).
11
Let b(t) = -12*t - 124. What is the remainder when 95 is divided by b(-11)?
7
Let t = -15 + 39. What is the remainder when t is divided by 7?
3
Let o = -2 - -2. Suppose -4*v + 40 = v - 5*r, -2*v + 3*r + 20 = o. Calculate the remainder when ((-55)/(-20))/((-1)/(-4)) is divided by v.
3
Let w = -17 - -11. Let f(j) = j**2 + 6*j + 5. Let q be f(w). Suppose 4*i - q*i = -33. What is the remainder when i is divided by 17?
16
Let c(d) = d**2 + 2*d + 4. Let q = -9 - -5. What is the remainder when 34 is divided by c(q)?
10
Suppose -122 = -3*m - b, -2*m - b + 92 = -3*b. Calculate the remainder when 1*4/8*m is divided by 11.
10
Let z be 15/(-2)*(-10)/15. What is the remainder when 9 is divided by -1 + z - (-4)/2?
3
Let o(c) = 9*c - 8. Let n(k) = -k**2 - 5*k - 3. Let h be n(-3). Let p = h - -7. What is the remainder when o(3) is divided by p?
9
Suppose 0 = 2*v - 4*v + 20. What is the remainder when 17 is divided by v?
7
Calculate the remainder when ((-4125)/(-51))/1 + (-28)/(-238) is divided by 6.
3
Let t(u) = -u**3 + 5*u**2 + 2*u - 3. Let h(n) = 3*n**2 - 1. Let k be h(1). Suppose -10 = -0*v - k*v. What is the remainder when t(v) is divided by 4?
3
Let k = 30 - 9. Calculate the remainder when 27 is divided by (k - 3)/3 + 1.
6
Calculate the remainder when (-2)/4*2 - (2 + -37) is divided by 13.
8
Suppose 0*r + 18 = 3*r. Calculate the remainder when 5/(10/r) + -1 is divided by 2/(4/2) + 1.
0
Suppose 5*g = 2*g + 36. Calculate the remainder when 46 is divided by g.
10
Suppose -4*b + 15 = -b. Suppose b*u - 1 = -3*q + 4, -4*u + 26 = -2*q. Suppose -u*t + 98 = 30. Calculate the remainder when 33 is divided by t.
16
Suppose 275 = 3*t + 2*u, -3*u - 1 = 5. What is the remainder when t is divided by 19?
17
Suppose -2*f = 1 - 11. Calculate the remainder when 14 is divided by f.
4
Suppose 0*m = m - 1, 274 = 5*y - m. Calculate the remainder when y is divided by 19.
17
Let p(s) = -4*s - 6. Suppose 5 = 3*m - 4*m. Calculate the remainder when p(m) is divided by (6 + -1)*(-2)/(-2).
4
Suppose -3*s - 329 = -4*y, 4*y - s + 2*s - 333 = 0. Suppose -42 = -3*z + z. Calculate the remainder when y is divided by z.
20
Let h be ((-5)/4)/((-1)/4). Let a be h + 2 + (-3 - -1). Suppose 0 = a*m + 25, -5*m = -4*s + 87 + 46. Calculate the remainder when s is divided by 14.
13
Suppose 0 = -5*x + 2*x. Suppose j + 28 = c + 3*c, x = 3*c - 4*j - 21. Let f = 16 - c. Calculate the remainder when 15 is divided by f.
6
Let p(b) = b**2 + 4. What is the remainder when p(4) is divided by (-6)/(-27) + 194/18?
9
Let d be 4/14 - (-76)/28. Let v be 2/(-2)*0/2. Calculate the remainder when 8 + 1/d*v is divided by 5.
3
Let o = 61 + -40. What is the remainder when 40 is divided by o?
19
Suppose 2*g + 4*s = 26, 0*g + 3*g - 2*s - 7 = 0. Let o(v) = v**3 - v + 8. Calculate the remainder when o(0) is divided by g.
3
Suppose 2*j = 7*j - 25. Suppose -5 = -j*a + 10. Calculate the remainder when 10/3*3/2 is divided by a.
2
Suppose 2*y = 2*v - 1 - 3, 0 = 2*y - v + 1. What is the remainder when 11 is divided by (-3 - -6)*y - 0?
2
Let m(f) = -6*f + 3. Let x be m(-2). Suppose 0*w - 5*w = -x. Calculate the remainder when 4 is divided by w.
1
Suppose -4*m + 239 = -101. Suppose f - 12 = -3*b + 11, -5*b + m = 5*f. What is the remainder when f is divided by 8?
6
Let w be ((-30)/45)/(2/(-30)). Let n = w + -5. Calculate the remainder when 8 is divided by n.
3
Suppose 8*y - 4*y = 8. Suppose 0 = -y*c - 5 + 47. Suppose -5*g = -3*n - 15, 2*g - c = g - 3*n. What is the remainder when 11 is divided by g?
5
Let i(w) = 20*w**2 - w. Calculate the remainder when i(1) is divided by 1 - (2 + -9 + -2).
9
Suppose 0 = -13*c + 12*c + 21. Calculate the remainder when c is divided by 6.
3
Let j(b) = 3*b + 25. Calculate the remainder when j(-5) is divided by 4.
2
Calculate the remainder when 14 is divided by (7/3 + 3)*9/6.
6
Let p = -24 + 28. Let n = 13 - p. What is the remainder when 25 is divided by n?
7
Let g(f) = 5*f - 4. Calculate the remainder when g(7) is divided by 11.
9
Suppose 4 = -3*p + 22. Let n(i) = -i**2 + 4*i + 2. Let k be n(p). What is the remainder when k*((-3)/(-15) + -1) is divided by 5?
3
Suppose 5*w - 3*w - 20 = 0. What is the remainder when 28 is divided by w?
8
Suppose -3*x + 10 = -80. Let k = 5 - -1. Suppose -k*f + f + 80 = 0. Calculate the remainder when x is divided by f.
14
Let m(d) = -d**3 - 5*d**2 + 3*d - 4. Let z be m(-6). Let p = z + -7. Calculate the remainder when 12 is divided by p.
5
Let g be -2 + 4 + (-1)/(-1). Suppose -2*k + g*k - 2*z = 5, 0 = 3*k - 3*z - 15. Calculate the remainder when 8 is divided by k.
3
Suppose v - 17 = 4*w, -5*w = 5*v - 4 + 19. Suppose -4*f - 5*o = -15 - 15, -f + 2*o = -v. Calculate the remainder when f is divided by 2.
1
Let f(o) = 14*o**3 - o**2 + o - 1. Suppose t + 6*t - 49 = 0. Calculate the remainder when f(1) is divided by t.
6
Let v = -5 + 10. Suppose 0 = -v*i, -i - 110 = -5*c + 2*i. What is the remainder when 64 is divided by c?
20
Let h be 1/(-2)*(2 - 8). Let q(t) = t**3 + t**2 - 3*t - 3. Let y be q(h). Let x = y - 8. What is the remainder when x is divided by 9?
7
Let s(u) be the third derivative of -u**6/120 + u**5/15 + u**4/12 - u**3/3 - 3*u**2. What is the remainder when 33 is divided by s(-2)?
15
Suppose -2*m - 312 = -6*m. Suppose 3*t + 18 = m. Suppose -t = -4*z - z. Calculate the remainder when 6 is divided by z.
2
Suppose 10 + 6 = 2*s. Suppose -2*k + k = -8. Suppose -s = -z + k. What is the remainder when z is divided by 6?
4
Suppose 10*n - 128 = 6*n. What is the remainder when n is divided by 11?
10
Suppose 0 = -4*o - 76 + 240. What is the remainder when o is divided by (1 - -2) + (-5 - -24)?
19
Let x(o) = -30 + o + 4*o + 20. What is the remainder when x(11) is divided by 23?
22
Suppose -4*w + 117 = 5*o, 33 = w + 3*o + 9. Calculate the remainder when w is divided by (0 + 3)/((-1)/(-4)).
9
Let l(s) be the second derivative of s**3/6 + s**2/2 + 3*s. Let d be l(-3). What is the remainder when 26 is divided by (-86)/(-6) - d/(-6)?
12
What is the remainder when 50 is divided by (-935)/(-66) + 1/(-6)*1?
8
Let l be 21*2/6*1. Let q(o) = o**2 - 6*o + 2. What is the remainder when 34 is divided by q(l)?
7
Suppose -4*y + 7*y = 21. Suppose -4*b + 25 + 71 = 0. Suppose k = -k + b. What is the remainder when k is divided by y?
5
Calculate the remainder when 11 + 3*(-2)/(-3) is divided by (-5)/(((-175)/20)/7).
1
Let b = -8 - -13. Let p = -5 + b. Suppose p*c - 82 = -5*c - 2*v, 4*c + v = 65. Calculate the remainder when c is divided by 9.
7
Let g = -76 + 168. What is the remainder when g is divided by 31?
30
Let o(l) = 5*l - 3. Let b(q) = 6*q - 3. Let x(a) = 4*b(a) - 5*o(a). Let h be x(5). What is the remainder when 20 is divided by 7/((4 - 1) + h)?
6
Let t(h) = -2*h**3 - 3*h**2 + 8*h - 5. What is the remainder when t(-4) is divided by 9?
7
Let v(s) = -s - 5. Let f be v(-7). Let b(d) = 7*d + 1. Let y = 0 + 43. What is the remainder when y is divided by b(f)?
13
Suppose 5*p + 19 = -1. Let o(f) = 2*f**2 + 5*f - 4. Calculate the remainder when o(p) is divided by 3.
2
Let c = 56 + -45. Calculate the remainder when 31 is divided by c.
9
Let g(w) = 5*w**2 - 21*w - 4. Calculate the remainder when 79 is divided by g(5).
15
Suppose 5*p + 49 - 194 = 0. What is the remainder when p is divided by 10?
9
Let y(v) = -v**3 - 8*v**2 + 8*v + 16. What is the remainder when 96 is divided by y(-9)?
21
Suppose -i = -6*i + 140. What is the remainder when i is divided by 10?
8
Let m = -6 - -8. Let q(h) = 13*h. What is the remainder when q(m) is divided by (-5)/(-2)*56/10?
12
Let n be 3/(-2)*92/(-3). Suppose -4*t + n = -134. What is the remainder when t is divided by (-5)/(-3) + (-372)/(-36)?
9
Suppose s = -16 + 49. Let h = s - 18. Calculate the remainder when h is divided by 8.
7
Let z(x) = 2*x - 8. Let m be z(7). Suppose -i - 60 = -m*i. Calculate the remainder when i is divided by 5.
2
Let a(t) = t + 34. Let m be a(0). Suppose 5*f - 20 = 5*w + 25, -f - 4*w = -m. What is the remainder when 27 is divided by f?
13
Let k be (-6)/27 + (-4)/(-18). Let g(v) = k*v + 1 + 0*v + 5*v**2 - v**3 - 3*v. What is the remainder when g(4) is divided by 4?
1
Calculate the remainder when (81 - 8) + (-3)/(-1) is divided by 21.
13
Let p = -1 - 0. Let y = 17 + p. Calculate the remainder when y is divided by 9.
7
Let r(s) 